{"id":214,"date":"2017-12-02T21:25:51","date_gmt":"2017-12-02T21:25:51","guid":{"rendered":"http:\/\/www.cercitop.org\/www\/?page_id=214"},"modified":"2017-12-02T21:39:00","modified_gmt":"2017-12-02T21:39:00","slug":"missao-visao-e-valores","status":"publish","type":"page","link":"https:\/\/www.cercitop.org\/www\/missao-visao-e-valores\/","title":{"rendered":"Miss\u00e3o, Vis\u00e3o e Valores"},"content":{"rendered":"<h2 class=\"p1\" style=\"text-align: center;\">MISS\u00c3O<\/h2>\n<p class=\"p1\" style=\"text-align: center;\">Proporcionar respostas de qualidade a qualquer pessoa com depend\u00eancia ou incapacidade.<\/p>\n<h2 class=\"p1\" style=\"text-align: center;\">VIS\u00c3O<\/h2>\n<p class=\"p1\" style=\"text-align: center;\">A CERCITOP,CRL pretende contribuir para satisfazer as necessidades de a\u00e7\u00e3o social e de sa\u00fade em todo o Territ\u00f3rio Nacional, constituindo-se como uma organiza\u00e7\u00e3o de refer\u00eancia, prestando servi\u00e7os de qualidade, evidenciando-se pela inova\u00e7\u00e3o e pelas boas pr\u00e1ticas. Procura ainda prestar servi\u00e7os noutros setores da sua atividade que possam contribuir para suprir lacunas na atividade econ\u00f3mica portuguesa, promover o crescimento econ\u00f3mico do pa\u00eds e cria\u00e7\u00e3o de emprego direto e indireto.<\/p>\n<h2 class=\"p1\" style=\"text-align: center;\">VALORES<\/h2>\n<p class=\"p1\" style=\"text-align: center;\">Profissionalismo; Respeito; Confian\u00e7a; Humanismo e Empreendedorismo.<\/p>\n","protected":false},"excerpt":{"rendered":"MISS\u00c3O Proporcionar respostas de qualidade a qualquer pessoa com depend\u00eancia ou incapacidade. VIS\u00c3O A CERCITOP,CRL pretende contribuir para satisfazer as necessidades de a\u00e7\u00e3o social e de sa\u00fade em todo o Territ\u00f3rio Nacional, constituindo-se como uma organiza\u00e7\u00e3o de refer\u00eancia, prestando servi\u00e7os de qualidade, evidenciando-se pela inova\u00e7\u00e3o e pelas boas pr\u00e1ticas. Procura ainda prestar servi\u00e7os noutros setores (&#8230;)","protected":false},"author":1,"featured_media":63,"parent":0,"menu_order":13,"comment_status":"closed","ping_status":"closed","template":"","meta":{"footnotes":""},"_links":{"self":[{"href":"https:\/\/www.cercitop.org\/www\/wp-json\/wp\/v2\/pages\/214"}],"collection":[{"href":"https:\/\/www.cercitop.org\/www\/wp-json\/wp\/v2\/pages"}],"about":[{"href":"https:\/\/www.cercitop.org\/www\/wp-json\/wp\/v2\/types\/page"}],"author":[{"embeddable":true,"href":"https:\/\/www.cercitop.org\/www\/wp-json\/wp\/v2\/users\/1"}],"replies":[{"embeddable":true,"href":"https:\/\/www.cercitop.org\/www\/wp-json\/wp\/v2\/comments?post=214"}],"version-history":[{"count":4,"href":"https:\/\/www.cercitop.org\/www\/wp-json\/wp\/v2\/pages\/214\/revisions"}],"predecessor-version":[{"id":219,"href":"https:\/\/www.cercitop.org\/www\/wp-json\/wp\/v2\/pages\/214\/revisions\/219"}],"wp:featuredmedia":[{"embeddable":true,"href":"https:\/\/www.cercitop.org\/www\/wp-json\/wp\/v2\/media\/63"}],"wp:attachment":[{"href":"https:\/\/www.cercitop.org\/www\/wp-json\/wp\/v2\/media?parent=214"}],"curies":[{"name":"wp","href":"https:\/\/api.w.org\/{rel}","templated":true}]}}